culate the remainder when 6250556 is divided by 272.
268
What is the remainder when 19212810 is divided by 639?
636
Calculate the remainder when 885713 is divided by 1258.
81
Calculate the remainder when 113656 is divided by 7682.
6108
What is the remainder when 25177605 is divided by 108?
105
Calculate the remainder when 104844 is divided by 269.
203
What is the remainder when 993532 is divided by 28380?
232
What is the remainder when 2771635 is divided by 79?
78
Calculate the remainder when 85953 is divided by 74.
39
Calculate the remainder when 1346351 is divided by 3506.
47
Calculate the remainder when 13279101 is divided by 5348.
17
Calculate the remainder when 2773143 is divided by 1082.
1059
Calculate the remainder when 9232391 is divided by 5555.
5536
What is the remainder when 1941100 is divided by 647033?
1
Calculate the remainder when 1232831 is divided by 23.
8
What is the remainder when 7937790 is divided by 685?
10
Calculate the remainder when 472377 is divided by 156747.
2136
Calculate the remainder when 17671010 is divided by 27.
23
Calculate the remainder when 46496 is divided by 2112.
32
Calculate the remainder when 431331 is divided by 5458.
149
Calculate the remainder when 1930480 is divided by 222.
190
Calculate the remainder when 253499 is divided by 19493.
90
Calculate the remainder when 32881748 is divided by 865308.
44
Calculate the remainder when 30040 is divided by 7825.
6565
Calculate the remainder when 122053760 is divided by 26.
10
Calculate the remainder when 16597075 is divided by 8298534.
7
Calculate the remainder when 517604 is divided by 3891.
101
What is the remainder when 27727378 is divided by 444?
22
Calculate the remainder when 10212037 is divided by 1386.
1375
What is the remainder when 182200909 is divided by 88?
77
What is the remainder when 2323855 is divided by 27993?
436
What is the remainder when 28187153 is divided by 319?
313
Calculate the remainder when 1676015639 is divided by 2066.
2063
Calculate the remainder when 425188 is divided by 924.
148
Calculate the remainder when 1535704 is divided by 85267.
898
Calculate the remainder when 3829277 is divided by 167.
134
Calculate the remainder when 9540858 is divided by 799.
798
Calculate the remainder when 177810492 is divided by 159.
156
Calculate the remainder when 1831954 is divided by 6710.
124
Calculate the remainder when 19855031 is divided by 198.
185
Calculate the remainder when 742258 is divided by 368604.
5050
Calculate the remainder when 1494439 is divided by 82861.
2941
What is the remainder when 9727343 is divided by 780?
743
What is the remainder when 9026928 is divided by 100299?
18
Calculate the remainder when 12473002 is divided by 1781856.
10
What is the remainder when 532087918 is divided by 3120?
3118
What is the remainder when 80011 is divided by 964?
963
What is the remainder when 22881 is divided by 2785?
601
What is the remainder when 15064417 is divided by 2152058?
11
Calculate the remainder when 38813262 is divided by 14.
12
What is the remainder when 3121478 is divided by 9459?
8
Calculate the remainder when 5710 is divided by 1291.
546
Calculate the remainder when 150549 is divided by 88.
69
What is the remainder when 1148786 is divided by 820?
786
What is the remainder when 505046 is divided by 84112?
374
What is the remainder when 2544408 is divided by 49890?
18
Calculate the remainder when 125031477 is divided by 2555.
2552
What is the remainder when 28703948 is divided by 954?
950
Calculate the remainder when 336452 is divided by 336428.
24
What is the remainder when 133519 is divided by 823?
193
Calculate the remainder when 1870371 is divided by 22262.
363
Calculate the remainder when 423860 is divided by 8650.
10
Calculate the remainder when 54579 is divided by 1879.
88
What is the remainder when 312214 is divided by 302858?
9356
Calculate the remainder when 1225508 is divided by 268.
212
What is the remainder when 729112 is divided by 1030?
902
Calculate the remainder when 4849945 is divided by 1212414.
289
Calculate the remainder when 89718959 is divided by 535.
529
Calculate the remainder when 6883548 is divided by 1550.
1548
Calculate the remainder when 18877 is divided by 343.
12
What is the remainder when 79819 is divided by 39903?
13
What is the remainder when 3667292 is divided by 305599?
104
Calculate the remainder when 100633497 is divided by 627.
624
What is the remainder when 89843 is divided by 3238?
2417
Calculate the remainder when 1759559 is divided by 9941.
2
Calculate the remainder when 5199225 is divided by 348.
105
Calculate the remainder when 68101393 is divided by 27661.
11
Calculate the remainder when 67244 is divided by 623.
583
Calculate the remainder when 23474372 is divided by 2875.
2872
What is the remainder when 748465 is divided by 41576?
97
Calculate the remainder when 13265922 is divided by 6632821.
280
Calculate the remainder when 61283 is divided by 932.
703
What is the remainder when 69096200 is divided by 23032052?
44
Calculate the remainder when 3537182 is divided by 7278.
74
Calculate the remainder when 453517 is divided by 1614.
1597
Calculate the remainder when 371579 is divided by 107.
75
Calculate the remainder when 777890 is divided by 7929.
848
What is the remainder when 7193193 is divided by 8826?
3
What is the remainder when 13829 is divided by 12909?
920
What is the remainder when 18236671 is divided by 382?
373
What is the remainder when 543975 is divided by 612?
519
Calculate the remainder when 17855047 is divided by 814.
771
What is the remainder when 2821 is divided by 2727?
94
What is the remainder when 15210186 is divided by 4897?
104
Calculate the remainder when 145131 is divided by 145124.
7
Calculate the remainder when 229411 is divided by 1434.
1405
What is the remainder when 19682501 is divided by 422?
421
What is the remainder when 6054051 is divided by 1513510?
11
What is the remainder when 956858 is divided by 437?
265
Calculate the remainder when 913176 is divided by 1334.
720
What is the remainder when 2711512 is divided by 28244?
88
What is the remainder when 688728 is divided by 817?
814
Calculate the remainder when 61953690 is divided by 12390735.
15
Calculate the remainder when 1492414 is divided by 960.
574
Calculate the remainder when 3103967 is divided by 223.
30
Calculate the remainder when 1568594 is divided by 142584.
170
What is the remainder when 55177 is divided by 18016?
1129
What is the remainder when 236108 is divided by 15724?
248
What is the remainder when 1127091 is divided by 101?
32
What is the remainder when 1973572 is divided by 4455?
7
Calculate the remainder when 15645019 is divided by 523.
520
What is the remainder when 1195615 is divided by 639?
46
What is the remainder when 233005545 is divided by 1033?
1032
What is the remainder when 142938 is divided by 4755?
288
Calculate the remainder when 206350 is divided by 202715.
3635
Calculate the remainder when 85759 is divided by 6521.
986
Calculate the remainder when 14323419 is divided by 431.
427
Calculate the remainder when 24993793 is divided by 385.
363
What is the remainder when 110148233 is divided by 1217?
1214
Calculate the remainder when 1103646 is divided by 13623.
183
What is the remainder when 23779839 is divided by 1829218?
5
What is the remainder when 243061362 is divided by 1274?
1272
Calculate the remainder when 15545959 is divided by 42.
37
Calculate the remainder when 13170 is divided by 1226.
910
What is the remainder when 450065 is divided by 1375?
440
Calculate the remainder when 2041751 is divided by 14.
5
What is the remainder when 648774 is divided by 216209?
147
What is the remainder when 2719354 is divided by 228?
226
What is the remainder when 8354927 is divided by 2139?
2132
Calculate the remainder when 1069929 is divided by 356643.
0
What is the remainder when 197361 is divided by 17864?
857
What is the remainder when 228110 is divided by 1311?
1307
Calculate the remainder when 70449 is divided by 1352.
145
Calculate the remainder when 387701 is divided by 25845.
26
What is the remainder when 43487 is divided by 1893?
1841
Calculate the remainder when 15261 is divided by 5037.
150
What is the remainder when 65503 is divided by 1922?
155
What is